s 13258834859 a composite number?
False
Is 18979754529 a prime number?
False
Is 1482946489 a prime number?
False
Is 178128187 a prime number?
True
Is 447692581 a composite number?
True
Is 469220201 prime?
False
Is 246471223 a prime number?
True
Is 560873721 composite?
True
Is 1568035997 a prime number?
False
Is 1345740103 a composite number?
False
Is 21553710697 a prime number?
True
Is 9073254401 a prime number?
True
Is 2036611861 prime?
True
Is 383507873 a composite number?
True
Is 3855691891 a prime number?
True
Is 72808829 a prime number?
True
Is 114446001 a prime number?
False
Is 956244397 prime?
True
Is 37044755642 composite?
True
Is 79978597 composite?
False
Is 2126094857 prime?
False
Is 59544426937 a prime number?
False
Is 4107758921 prime?
False
Is 15781570969 composite?
False
Is 16444612097 a prime number?
True
Is 403013491 a composite number?
True
Is 4034650393 a prime number?
True
Is 66551267213 composite?
False
Is 1968884159 a composite number?
True
Is 1839401 composite?
False
Is 4188467099 a composite number?
True
Is 4097120206 prime?
False
Is 61642169 composite?
True
Is 5303995853 a composite number?
True
Is 292628837 a prime number?
False
Is 1784532319 composite?
False
Is 45827851 prime?
False
Is 185695297 prime?
False
Is 11045190451 composite?
False
Is 2381038571 prime?
True
Is 103255669 a composite number?
True
Is 8516323 composite?
False
Is 1109330093 composite?
True
Is 27435507313 prime?
False
Is 1572421141 prime?
True
Is 4538055679 a composite number?
True
Is 11634410699 a composite number?
True
Is 64928200877 a composite number?
True
Is 82424595509 prime?
True
Is 2609393781 composite?
True
Is 1938136279 composite?
True
Is 441991457 prime?
True
Is 5966036327 a prime number?
False
Is 593196313 prime?
False
Is 1802983669 a composite number?
False
Is 635692345 prime?
False
Is 11097984077 prime?
True
Is 38093848861 a prime number?
True
Is 5152149419 composite?
False
Is 343880939 prime?
False
Is 7191458357 prime?
False
Is 5431761691 prime?
True
Is 1923190937 prime?
False
Is 8073403861 prime?
True
Is 8716491703 a composite number?
False
Is 3451047841 composite?
False
Is 159844625801 prime?
False
Is 91206921451 composite?
False
Is 4292152273 prime?
True
Is 4311607166 a composite number?
True
Is 224797789 prime?
True
Is 480410977 a prime number?
True
Is 312084887 composite?
False
Is 5052812927 a composite number?
False
Is 2059619869 prime?
False
Is 3347968963 composite?
True
Is 131018432989 a composite number?
True
Is 112089101 a composite number?
False
Is 37471139945 composite?
True
Is 148458487 prime?
True
Is 18432720821 a prime number?
True
Is 2455547767 a prime number?
False
Is 13014633266 a prime number?
False
Is 978385787 prime?
True
Is 3381120889 composite?
True
Is 4682010911 composite?
True
Is 34225837237 prime?
False
Is 5291665391 a prime number?
False
Is 96173339 a prime number?
False
Is 187800919 a composite number?
True
Is 253961753 a prime number?
True
Is 65497572685 a composite number?
True
Is 68577920623 composite?
False
Is 20192075911 prime?
False
Is 444789061 composite?
False
Is 29774096635 a prime number?
False
Is 829237723 a prime number?
True
Is 6986079721 prime?
False
Is 1565763581 a prime number?
True
Is 505040467 prime?
False
Is 3165145339 a composite number?
False
Is 818483053 a composite number?
True
Is 4891106491 composite?
False
Is 84287807481 a prime number?
False
Is 87225421 a composite number?
True
Is 1470507329 a composite number?
False
Is 6679685381 a prime number?
True
Is 1922493371 a prime number?
False
Is 271761851 a prime number?
True
Is 52485716533 a prime number?
True
Is 30542758717 a prime number?
False
Is 363724237 a composite number?
True
Is 88828287061 composite?
False
Is 2468036131 a composite number?
True
Is 2064203969 a prime number?
True
Is 1856973887 composite?
False
Is 81347893709 composite?
False
Is 12482229593 a composite number?
False
Is 28235087 composite?
False
Is 903337207 prime?
True
Is 4937442893 a composite number?
True
Is 17493581533 composite?
True
Is 21423170849 composite?
False
Is 465210329 composite?
False
Is 7185970459 composite?
False
Is 82349642751 composite?
True
Is 179327791 composite?
True
Is 33331307 a prime number?
False
Is 45506579029 a prime number?
True
Is 583962713 prime?
False
Is 206612779 a prime number?
True
Is 2688669191 prime?
False
Is 1230546233 prime?
False
Is 27403826677 composite?
False
Is 154482615311 a composite number?
False
Is 3135398557 a prime number?
True
Is 617068223 composite?
False
Is 128926960247 a composite number?
False
Is 22844447651 a composite number?
False
Is 53657130157 prime?
True
Is 58876129891 a prime number?
False
Is 11240236717 a prime number?
True
Is 217092289 a prime number?
False
Is 1460721089 composite?
True
Is 125206492237 a prime number?
True
Is 5984719201 composite?
True
Is 794383349 a composite number?
True
Is 132510871 a prime number?
True
Is 6693652307 prime?
True
Is 57037889 a prime number?
True
Is 252494846033 prime?
True
Is 128666930857 a composite number?
True
Is 515186027 prime?
False
Is 1153302721 prime?
True
Is 202139417 a prime number?
True
Is 39908819671 a composite number?
True
Is 534047447 composite?
True
Is 1372269029 prime?
False
Is 138452039534 a prime number?
False
Is 7032664027 prime?
False
Is 3116638067 composite?
True
Is 833763103 a composite number?
False
Is 248572813 a prime number?
True
Is 6629496077 a composite number?
True
Is 38694209263 a composite number?
False
Is 5341411087 prime?
True
Is 1229256373 a prime number?
True
Is 42794317 prime?
True
Is 35153542559 prime?
False
Is 36719467 composite?
False
Is 524836963 prime?
False
Is 5500211309 a composite number?
False
Is 19702103461 a composite number?
True
Is 2794500013 a composite number?
True
Is 888289439 a composite number?
False
Is 38141690173 composite?
True
Is 13049980057 a prime number?
False
Is 142559629 prime?
True
Is 2972929363 composite?
True
Is 6026161611 composite?
True
Is 15213063263 prime?
False
Is 2961175699 a prime number?
False
Is 434485223 a composite number?
True
Is 15049050457 a prime number?
False
Is 11936513 a prime number?
True
Is 9904149319 a prime number?
False
Is 20879272397 prime?
False
Is 63352318859 a prime number?
False
Is 1116146827 a composite number?
True
Is 2669950295 a composite number?
True
Is 1641913151 a composite number?
False
Is 34394660165 a prime number?
False
Is 380571479 a prime number?
False
Is 524822749 prime?
False
Is 3815191 a composite number?
True
Is 159638671 prime?
False
Is 59161285147 a prime number?
False
Is 639093943 a composite number?
False
Is 1536835457 composite?
True
Is 2513676589 a composite number?
True
Is 18874025411 a prime number?
False
Is 7438079773 prime?
True
Is 101693166193 a composite number?
True
Is 2266238399 a prime number?
True
Is 1322592991 a prime number?
True
Is 766640659 composite?
True
Is 9775662383 composite?
False
Is 18299868493 composite?
True
Is 680479831 composite?
True
Is 1903091207 composite?
False
Is 137804267 a prime number?
True
Is 600863374 prime?
False
Is 1329424981 a composite number?
True
Is 8123163757 a prime number?
False
Is 14068136221 prime?
True
Is 8802062501 a prime number?
True
Is 13369408915 a prime number?
False
Is 13816647941 a composite number?
True
Is 93533361173 composite?
True
Is 206409691 composite?
True
Is 2237951399 a composite number?
True
Is 187247213 composite?
True
Is 171229894439 prime?
True
Is 11353864937 prime?
True
Is 1622929169 prime?
True
Is 71480179991 a prime number?
False
Is 110074957 prime?
True
Is 9767373727 a composite number?
True
Is 114581707 prime?
False
Is 155091571 prime?
False
Is 1316463713 composite?
False
Is 41807681 a composite number?
True
Is 1815892847 a composite number?
False
Is 346760671 composite?
False
Is 35209870027 composite?
False
Is 1079090269 a prime number?
False
Is 92928398291 a composite number?
False
Is 1263844961 prime?
True
Is 4965834437 composite?
False
Is 3394930457 a prime number?
True
Is 6935193079 a composite number?
False
Is 5420816461 prime?
False
Is 30904048171 prime?
False
Is 2180134963 composite?
True
Is 11665357861 composite?
False
Is 1712839727 a prime number?
True
Is 428607121 composite?
True
Is 8346703 composite?
False
Is 83859965747 composite?
False
Is 13309394489 prime?
Fal